 r(p) = -p + 1. Let u be r(0). Let q be (u/(-2) - 0)*-2. Calculate the remainder when 21 is divided by (33/(-6)*-2)/q.
10
Suppose z - 24 = 16. Let v(l) = -l**3 + 24*l**2 + 14. Calculate the remainder when z is divided by v(24).
12
Let b(n) = -n**2 - 2*n + 3. Let p be b(-3). Suppose 21 = 9*r - 15. Suppose p*o = r*o + 16, 34 = q - o. Calculate the remainder when 57 is divided by q.
27
What is the remainder when 75 is divided by (6/(-4))/((-3)/20)?
5
Let v be (-6)/4*(20 + -10). Let j = v + -1. Calculate the remainder when 18*(j/(-6) - 0) is divided by 17.
14
Suppose g = v + 2*v - 611, v + 5*g = 225. Suppose -3*z + v = 2*z. Let r = z - 21. Calculate the remainder when 37 is divided by r.
17
Let l be ((-2)/(-4))/((-5)/(-30)). Suppose -l*n = -c + 81, 2*n + 126 = 3*c - 82. Calculate the remainder when 9 is divided by c/15 + 2/(-5).
1
Let f(m) = m - 16. Let j be f(15). What is the remainder when 66 is divided by j/(-4) + 225/12?
9
Let t(d) = 43*d - 201. Calculate the remainder when t(6) is divided by 21.
15
Let o = -57 - -64. Calculate the remainder when 29 is divided by o.
1
Let z(a) = -a**2 - 12*a + 9. Let o be z(-13). Calculate the remainder when 117 is divided by 122/4 + 2/o.
27
Suppose 2*y - 2*h + 602 = -2*y, 604 = -4*y + 4*h. Calculate the remainder when ((-8)/(-5))/((-6)/y) is divided by 11.
7
Calculate the remainder when -5 + (-8 + 3 - -84) is divided by -1 - -1*2*14.
20
Calculate the remainder when 301 is divided by (21 + -23)*4*-1.
5
Suppose 161*s - 2299 = 156*s - 4*u, 2296 = 5*s + u. Calculate the remainder when s is divided by 66.
63
Suppose -4*x = -96 - 8. Let q = 34 - x. Suppose -4*r + q*r - 28 = 0. Calculate the remainder when 32 is divided by r.
4
Let n = 20 + -21. Let w = n + 5. Suppose 0*c - 3*c - 2*o + 179 = 0, -c + 73 = w*o. What is the remainder when c is divided by 30?
27
Suppose -4*i + 48 = -4*u, -4*i + 4*u + 57 = i. Calculate the remainder when i is divided by (4 + 0)*(3 + (2 - 4)).
1
Let v = 38 + 7. Calculate the remainder when v is divided by (-1296)/(-360)*(30/(-9))/(-1).
9
Suppose 18*m - 3641 - 2065 = 0. Calculate the remainder when m is divided by 11.
9
Suppose 3*p + 5*q + 363 = 0, -2*p - 3*p - 5*q - 615 = 0. What is the remainder when (6/4)/(6/104) is divided by (0 + 1)/((-9)/p)?
12
Suppose -20 = -5*w, -3*g - 7*w + 499 = -0*w. What is the remainder when g is divided by 152?
5
Suppose 0 = -u - 2 - 1. Let r be (-5)/10*(u - 1). Suppose -b - 14 = -r*b. Calculate the remainder when 53 is divided by b.
11
Let q = -14 - 55. Let y = q + 147. Suppose 0 = 5*f - y + 8. What is the remainder when 38 is divided by f?
10
Suppose -3*w + 10*w = 0. Suppose w = 10*i - 14*i + 116. Calculate the remainder when 84 is divided by i.
26
Suppose -6 = -5*n + 69. Let g = n - 10. Let p(f) = -f**3 + 4*f**2 - 8*f + 10. Calculate the remainder when g is divided by p(2).
1
Let y = -2 - 24. Calculate the remainder when 31 is divided by y/65*(1 + -21).
7
Suppose 3*s = 2*s + 2. Suppose s*q - 21 = -q. What is the remainder when 37 is divided by 7/(98/20)*q?
7
Let i(n) = n**2 - 8*n - 11. Let o be i(-4). Let u = o + -18. Calculate the remainder when u is divided by 11.
8
Let k(a) = a**2 + 21*a - 178. Calculate the remainder when k(11) is divided by 64.
46
Suppose -696 = -20*z - 4*z. What is the remainder when 39 is divided by z?
10
Suppose 2*j - 11 - 17 = -4*x, 4*j = 5*x - 35. Calculate the remainder when x/(35/190) - 1 is divided by 20.
17
Let o = -16 + 29. Let f = o + -4. Calculate the remainder when (0 + -17)*(-6 + 4) is divided by f.
7
Let q = 778 - 491. Calculate the remainder when q is divided by 36.
35
Suppose -h = 2*h + 5*v - 16, -4*v + 10 = 2*h. Calculate the remainder when 15 is divided by 2/h + (-40)/(-7).
3
Let m be 3*1/(-6)*26. What is the remainder when 9 is divided by 10 + 0 + m + 9?
3
Let y(j) = 2*j + 43. What is the remainder when (-4 - -2*3) + 51 is divided by y(-7)?
24
Suppose -k - 5*v + 27 = -2, k - v - 11 = 0. Let l(x) = 2*x + 6. Let m be l(-5). Calculate the remainder when 1/m + 436/16 is divided by k.
13
Suppose 7*n - 12*n = 25. Calculate the remainder when 55 is divided by 16/10*(-25)/n.
7
Suppose 152 = 35*m + 12. Calculate the remainder when 47 is divided by m.
3
Let y = 1059 - 1046. Calculate the remainder when 163 is divided by y.
7
Suppose n = 5*g - 32, 3*n + 2 = -3*g - 4. Let r = 0 - n. Calculate the remainder when 46 is divided by r.
4
Let b(m) = -m**2 + 18*m - 14. Calculate the remainder when b(7) is divided by 25.
13
Suppose 0 = 2*v - 2 - 0. Let d(h) = 13*h**2 + h. Let w(i) = 12*i**2 + i. Let p(t) = -4*d(t) + 5*w(t). What is the remainder when 15 is divided by p(v)?
6
Let a = -1227 - -1804. What is the remainder when a is divided by 97?
92
Let n(z) = z**3 + 4*z**2 - 17*z + 43. What is the remainder when 30 is divided by n(-7)?
0
Suppose 0 = 6*m - 107 + 23. Calculate the remainder when 133 is divided by m.
7
Let g = 150 + -186. Let y = -119 + 63. Let r = g - y. What is the remainder when 39 is divided by r?
19
What is the remainder when 116 is divided by (-812)/(-27) + (-38)/513?
26
What is the remainder when 160 is divided by (-96)/12 - (-44 - -2)?
24
Suppose -14*n + 890 = -9*n. Calculate the remainder when n is divided by 45.
43
Suppose 2*w - 4*c - 2 = 0, -4*w - 9*c = -12*c - 19. Let k(n) = -3*n + 4. Calculate the remainder when k(-6) is divided by w.
1
Let g(a) = -2*a - 2*a + 3*a - 9 - 4. What is the remainder when g(-16) is divided by 1?
0
Let a(v) = v**3 - 34*v**2 + 171*v - 7. What is the remainder when 337 is divided by a(28)?
29
Let v(k) = -64*k - 48. Calculate the remainder when 205 is divided by v(-1).
13
Let z = -716 - -761. What is the remainder when 149 is divided by z?
14
Let c be ((-10)/(-6))/(((-40)/(-1245))/(-8)). Calculate the remainder when 2 - (c/3 - 7/(-21)) is divided by 47.
46
Suppose 1066 = 6*l - 1058. Suppose -5*z - 142 = -2*q + 28, 4*q - 3*z = l. Calculate the remainder when q is divided by 13.
12
Let x(g) = -g + 141. What is the remainder when x(-27) is divided by 85?
83
Let q be 20/25 + (-3)/(15/(-26)). Suppose -251 = -q*y - 23. What is the remainder when y is divided by 11?
5
Suppose 16*a - 19*a + 1899 = 0. Calculate the remainder when a/9 - (-4)/6 is divided by 18.
17
Let s(g) = g**2 + 3*g - 7. Suppose -3*x + x = -2. Calculate the remainder when -3 + (-3 - (-49)/x) is divided by s(-6).
10
Let z be 69 + (1*-6 + 3 - -3). Suppose 3*r + 0*r - z = -5*g, 0 = -g + 4*r + 23. Calculate the remainder when g is divided by 8.
7
Suppose 0 = 3*v + 4*h - 12, -v + 9 = v + 3*h. Suppose v = 5*d - 2*o - 2*o - 56, 3*d - 37 = -o. Calculate the remainder when d is divided by 4.
0
Suppose -4 = -3*a + 8. Let m(x) = x**2 - 2*x - 2. Let y be m(8). Suppose 6*z = a*z + y. What is the remainder when z is divided by 8?
7
Suppose -4*r = 27 - 107. Suppose -5*f = -2*s - 489, -75 = f + s - 177. Calculate the remainder when f is divided by r.
19
Suppose 0 = 42*p + 122*p - 4531 - 2521. Suppose -30 = -3*z + 3. What is the remainder when p is divided by z?
10
Let o(q) = -q**3 + 5*q**2 + 55*q - 34. Calculate the remainder when 141 is divided by o(10).
13
Let g = 7 + 6. Suppose 0 = s + 2*i - g, -s - 6 = -3*s + i. Calculate the remainder when 10 is divided by s.
0
Suppose -4*q - 49*c + 96 = -52*c, -42 = -2*q + 3*c. What is the remainder when 835 is divided by q?
25
Suppose 0*m = -5*m + 150. Let h = m + 3. Calculate the remainder when h is divided by 17.
16
Suppose -2*r = -v + 3*r - 8, -15 = -3*r. Calculate the remainder when 354 is divided by v.
14
Let x(a) = -20*a - 364. Calculate the remainder when 81 is divided by x(-20).
9
Suppose 6*l - 20 = l. Suppose 2*z - 60 = 2*h, z - 5*h - l - 6 = 0. What is the remainder when z is divided by ((-80)/(-100))/(1/15)?
11
Suppose -2*i = 3*f - 45 - 20, -111 = -5*f - 4*i. Calculate the remainder when 73 is divided by f.
16
Suppose 9*d - 34*d + 375 = 0. Calculate the remainder when 89 is divided by d.
14
Suppose 48*p - 2579 = -467. What is the remainder when p is divided by 19?
6
Let r(b) be the first derivative of -9*b**2/2 + b + 6. What is the remainder when r(-3) is divided by 8?
4
Suppose -3*y = 2*y - 25. Suppose g - y = -2. Suppose -g*s = s - 24. What is the remainder when 22 is divided by s?
4
Suppose -7 = -v - 3*i, -3*v + 2*i + 49 = 17. Let j(z) = -z + 20. Calculate the remainder when j(v) is 